 factors of 10237?
29, 353
List the prime factors of 1924.
2, 13, 37
List the prime factors of 61703.
61703
What are the prime factors of 8042?
2, 4021
List the prime factors of 6290.
2, 5, 17, 37
What are the prime factors of 1037?
17, 61
List the prime factors of 41601.
3, 7, 283
List the prime factors of 2211.
3, 11, 67
List the prime factors of 28008.
2, 3, 389
List the prime factors of 1601.
1601
What are the prime factors of 1150?
2, 5, 23
List the prime factors of 7531.
17, 443
List the prime factors of 1303.
1303
List the prime factors of 2466.
2, 3, 137
List the prime factors of 2165.
5, 433
List the prime factors of 5555.
5, 11, 101
What are the prime factors of 43289?
73, 593
What are the prime factors of 554?
2, 277
List the prime factors of 8995.
5, 7, 257
What are the prime factors of 10200?
2, 3, 5, 17
List the prime factors of 18358.
2, 67, 137
What are the prime factors of 12359?
17, 727
List the prime factors of 6421.
6421
List the prime factors of 55881.
3, 7, 887
What are the prime factors of 13500?
2, 3, 5
List the prime factors of 53350.
2, 5, 11, 97
List the prime factors of 1835.
5, 367
What are the prime factors of 64322?
2, 29, 1109
What are the prime factors of 1608?
2, 3, 67
What are the prime factors of 70793?
70793
List the prime factors of 89729.
53, 1693
List the prime factors of 1811.
1811
List the prime factors of 90294.
2, 3, 101, 149
What are the prime factors of 29677?
59, 503
List the prime factors of 2382.
2, 3, 397
What are the prime factors of 79881?
3, 26627
List the prime factors of 263.
263
List the prime factors of 410.
2, 5, 41
List the prime factors of 30780.
2, 3, 5, 19
List the prime factors of 16981.
16981
What are the prime factors of 1644?
2, 3, 137
List the prime factors of 16861.
13, 1297
What are the prime factors of 33204?
2, 3, 2767
List the prime factors of 1250.
2, 5
What are the prime factors of 30760?
2, 5, 769
List the prime factors of 1245.
3, 5, 83
List the prime factors of 7330.
2, 5, 733
List the prime factors of 1385.
5, 277
What are the prime factors of 17359?
17359
List the prime factors of 898.
2, 449
List the prime factors of 88068.
2, 3, 41, 179
What are the prime factors of 8822?
2, 11, 401
What are the prime factors of 72811?
17, 4283
What are the prime factors of 2446?
2, 1223
List the prime factors of 2807.
7, 401
List the prime factors of 8551.
17, 503
What are the prime factors of 41608?
2, 7, 743
What are the prime factors of 16022?
2, 8011
What are the prime factors of 3506?
2, 1753
List the prime factors of 26546.
2, 13, 1021
What are the prime factors of 747?
3, 83
What are the prime factors of 3208?
2, 401
List the prime factors of 775.
5, 31
List the prime factors of 44226.
2, 3, 7, 13
What are the prime factors of 5070?
2, 3, 5, 13
List the prime factors of 1365.
3, 5, 7, 13
What are the prime factors of 5378?
2, 2689
What are the prime factors of 50213?
149, 337
What are the prime factors of 880?
2, 5, 11
What are the prime factors of 1909?
23, 83
List the prime factors of 1304.
2, 163
List the prime factors of 1611.
3, 179
What are the prime factors of 35591?
35591
List the prime factors of 118222.
2, 13, 4547
What are the prime factors of 5738?
2, 19, 151
What are the prime factors of 1274?
2, 7, 13
List the prime factors of 1966.
2, 983
List the prime factors of 44607.
3, 14869
What are the prime factors of 8377?
8377
What are the prime factors of 3714?
2, 3, 619
What are the prime factors of 37895?
5, 11, 13, 53
What are the prime factors of 3679?
13, 283
List the prime factors of 1548.
2, 3, 43
What are the prime factors of 36764?
2, 7, 13, 101
What are the prime factors of 3245?
5, 11, 59
What are the prime factors of 9517?
31, 307
What are the prime factors of 466?
2, 233
List the prime factors of 7530.
2, 3, 5, 251
What are the prime factors of 36130?
2, 5, 3613
What are the prime factors of 1080?
2, 3, 5
What are the prime factors of 2167?
11, 197
List the prime factors of 4574.
2, 2287
What are the prime factors of 879?
3, 293
What are the prime factors of 18249?
3, 7, 11, 79
What are the prime factors of 44540?
2, 5, 17, 131
List the prime factors of 10148.
2, 43, 59
What are the prime factors of 31766?
2, 7, 2269
What are the prime factors of 4066?
2, 19, 107
What are the prime factors of 1161?
3, 43
What are the prime factors of 631?
631
What are the prime factors of 1480?
2, 5, 37
What are the prime factors of 5601?
3, 1867
List the prime factors of 45088.
2, 1409
What are the prime factors of 9329?
19, 491
List the prime factors of 60983.
13, 4691
List the prime factors of 10179.
3, 13, 29
What are the prime factors of 19101?
3, 6367
List the prime factors of 3706.
2, 17, 109
List the prime factors of 5230.
2, 5, 523
What are the prime factors of 167?
167
What are the prime factors of 7551?
3, 839
What are the prime factors of 1129?
1129
List the prime factors of 19014.
2, 3, 3169
List the prime factors of 78442.
2, 7, 13, 431
List the prime factors of 47327.
7, 6761
List the prime factors of 8557.
43, 199
What are the prime factors of 14705?
5, 17, 173
What are the prime factors of 698?
2, 349
List the prime factors of 77321.
167, 463
List the prime factors of 2008.
2, 251
List the prime factors of 56710.
2, 5, 53, 107
List the prime factors of 8840.
2, 5, 13, 17
List the prime factors of 2199.
3, 733
List the prime factors of 23123.
19, 1217
List the prime factors of 10464.
2, 3, 109
List the prime factors of 10492.
2, 43, 61
What are the prime factors of 979?
11, 89
What are the prime factors of 10436?
2, 2609
List the prime factors of 47052.
2, 3, 1307
What are the prime factors of 15188?
2, 3797
What are the prime factors of 10226?
2, 5113
What are the prime factors of 603?
3, 67
List the prime factors of 9884.
2, 7, 353
What are the prime factors of 24178?
2, 7, 11, 157
List the prime factors of 9038.
2, 4519
What are the prime factors of 64580?
2, 5, 3229
List the prime factors of 12181.
13, 937
What are the prime factors of 9006?
2, 3, 19, 79
List the prime factors of 2904.
2, 3, 11
List the prime factors of 19891.
19891
What are the prime factors of 1952?
2, 61
What are the prime factors of 22856?
2, 2857
List the prime factors of 2996.
2, 7, 107
What are the prime factors of 1322?
2, 661
List the prime factors of 1183.
7, 13
What are the prime factors of 540?
2, 3, 5
What are the prime factors of 36494?
2, 71, 257
What are the prime factors of 4384?
2, 137
List the prime factors of 1221.
3, 11, 37
What are the prime factors of 25383?
3, 8461
List the prime factors of 950.
2, 5, 19
List the prime factors of 500.
2, 5
List the prime factors of 507.
3, 13
List the prime factors of 936.
2, 3, 13
What are the prime factors of 10095?
3, 5, 673
What are the prime factors of 9897?
3, 3299
What are the prime factors of 23450?
2, 5, 7, 67
List the prime factors of 19495.
5, 7, 557
What are the prime factors of 5372?
2, 17, 79
List the prime factors of 5594.
2, 2797
What are the prime factors of 8711?
31, 281
List the prime factors of 155147.
47, 3301
What are the prime factors of 35251?
35251
What are the prime factors of 1210?
2, 5, 11
List the prime factors of 17795.
5, 3559
What are the prime factors of 1145?
5, 229
What are the prime factors of 2199?
3, 733
What are the prime factors of 18138?
2, 3, 3023
What are the prime factors of 3448?
2, 431
List the prime factors of 110109.
3, 17, 127
List the prime factors of 4445.
5, 7, 127
What are the prime factors of 13273?
13, 1021
List the prime factors of 36752.
2, 2297
List the prime factors of 7917.
3, 7, 13, 29
What are the prime factors of 75102?
2, 3, 12517
List the prime factors of 1521.
3, 13
What are the prime factors of 117?
3, 13
List the prime factors of 9233.
7, 1319
List the prime factors of 715.
5, 11, 13
List the prime factors of 657.
3, 73
List the prime factors of 385.
5, 7, 11
List the prime factors of 211.
211
What are the prime factors of 13509?
3, 19, 79
What are the prime factors of 44459?
23, 1933
What are the prime factors of 222?
2, 3, 37
List the prime factors of 96.
2, 3
List the prime factors of 56485.
5, 11, 13, 79
List the prime factors of 4191.
3, 11, 127
List the prime factors of 996.
2, 3, 83
List the prime factors of 47934.
2, 3, 2663
List the prime facto